(y). Give o(5).
1
Let o be (-4)/3 + 5/15. Let m = o + 0. Let h(r) = 5*r**2. Calculate h(m).
5
Let m be 3/18 + (-115)/(-30). Let d(c) be the third derivative of c**6/120 - c**5/20 - c**4/24 - 3*c**2. What is d(m)?
12
Let i(y) = 3*y - 1. Let q(f) = 2*f - 1. Let l be (-74)/14 - (-2)/7. Let n(m) = l*q(m) + 3*i(m). Calculate n(-5).
7
Suppose -4*c + 6 = -3*c. Suppose -c = 2*l - 2. Let w be (6 + -3)/(l/(-2)). Let y(f) = -2*f**2 + 4*f - 2. Determine y(w).
-8
Let b(z) = z - 5*z + 5*z. Let u be (3*-1)/((-78)/(-130)). What is b(u)?
-5
Let m(z) be the first derivative of 3*z**2/2 - 3*z + 8. Give m(5).
12
Let d(j) = -j + 1. Let r(c) = c**3 + 3*c**2 - 7*c - 5. Let s be r(-4). Let w = s - 5. Let l = 2 - w. Determine d(l).
1
Let q be 7 + 2/((-2)/(-2)). Let b be (q/(-12))/(1/(-4)). Suppose 5*v - 11 = 2*z, z - v = -2*z + b. Let n(a) = -a**3 + a**2 - 2*a. Calculate n(z).
-8
Let b(o) be the first derivative of -o**4/4 + 4*o**3/3 - o**2 + 6*o - 3. Give b(4).
-2
Let b(x) = -x - 5. Let i(k) = k + 3. Let u be i(-11). Calculate b(u).
3
Let y(s) = 3 + s**2 + s - 6*s + 2*s - 3*s. Suppose -5 = -u - q - 2*q, -5*q = -5*u + 25. Give y(u).
-2
Let c(w) = -w - 5. Suppose 2*d + 1 - 3 = 0. Let q(v) = -3*v**2 + 1. Let u be q(d). Let p = -3 + u. Determine c(p).
0
Suppose 0 = -0*q + q + 5. Let m(n) = 4*n**3 - 13*n**2 - 4*n + 6. Let h(z) = -3*z**3 + 9*z**2 + 3*z - 4. Let b(p) = q*m(p) - 7*h(p). Calculate b(2).
12
Let z(j) = -j**2 - 5*j + 1. Let v(q) = q**2 + 4*q - 2. Let r(g) = -4*v(g) - 3*z(g). Let u(y) = -2*y**2 - y + 11. Let b(h) = 13*r(h) - 6*u(h). Give b(-6).
5
Let b(l) be the third derivative of -l**6/120 + l**5/15 + 5*l**4/24 + l**3 - 2*l**2. Give b(5).
6
Let c = 17 + -11. Let n = 2 - c. Let y(b) = -b**3 - 3*b**2 + b - 5. Determine y(n).
7
Let y(r) = -r + 1. Suppose -2*q = q - 30. Let n = -7 + q. Suppose 8 = x + n*x. Determine y(x).
-1
Let p(q) = -8*q**3 + q**2 - 1 + 6*q**3 + 2*q - 1 + q**2. Determine p(2).
-6
Let z(u) = 11*u**2 + 3*u**2 - 8*u**2 - 5*u**2. Give z(-3).
9
Let t(m) = -7*m**3 + 4*m**2 + 6*m - 5. Let s(p) = 15*p**3 - 9*p**2 - 13*p + 11. Let n(u) = -6*s(u) - 13*t(u). Determine n(-2).
-1
Let t(b) be the third derivative of b**5/60 - 5*b**4/24 - b**3 + b**2. Let l(q) = -q**3 + 8*q**2 + q - 7. Let x be l(8). Let p be (x + 7/(-2))*-2. Give t(p).
-6
Suppose -j + 11*h - 6*h - 27 = 0, 3*j + 4*h = 14. Let t(y) = 10 - 6 - 3 - 2*y. Calculate t(j).
5
Let n(i) = -i**3 - 3*i**2 - 4*i - 2. Suppose 2 - 22 = -5*m. Let q(x) = -x**2 + 5*x - 6. Let h be q(m). Determine n(h).
2
Let s(h) = -3*h. Suppose 0 = 2*q - 3*q. Suppose -c - 3 + 8 = q. Let u be 2/c - 9/(-15). What is s(u)?
-3
Let x(m) = 12*m + 4. Let r(y) = y + 1. Let l(a) = 5*r(a) - x(a). Let h(i) = 6*i + 1. Let s be h(0). What is l(s)?
-6
Let x(o) be the third derivative of 7*o**4/24 - o**3/2 - 11*o**2. Determine x(2).
11
Let i(h) = -2*h. Suppose -3*w + 3*z + 6 = -4*w, w - 3*z = 0. Let n be w + 1 - (2 + -5). Suppose x = 2 + n. Give i(x).
-6
Let s(x) = -2*x**2 - 6*x + 10. Let b(g) = -g**2 - 3*g + 5. Let w(n) = 5*b(n) - 2*s(n). Give w(-4).
1
Let n(x) = x + 9. Suppose 10 = -4*f - 10. What is n(f)?
4
Let c(o) be the second derivative of -o**3/6 - 3*o**2/2 - 2*o. Suppose -5*f - 16*f = 168. Determine c(f).
5
Let m(s) = -8553*s + s**2 + 1 + 8551*s + 0. What is m(1)?
0
Let f be 4 - (-2)/(-3)*-3. Let q(n) = 2*n - 6. What is q(f)?
6
Let h(o) = 7*o**3 + 3*o**2 - 4*o + 2. Let v(z) = -z**3 - z**2 + z - 1. Let q(r) = -h(r) - 4*v(r). What is q(2)?
-18
Let v(j) = -12*j + 1 + 2 + 6*j - 2. Let g(z) = -z**2 - 5*z - 1. Let b be g(-5). What is v(b)?
7
Suppose 6 = -g + 15. Let h(p) = -p + 4. Give h(g).
-5
Suppose -q + 7 = 2*f, -4*q = f - 4 + 11. Let d = 9 - f. Let n(l) = -3 + 3*l + 0*l - 2. Give n(d).
7
Let c = 27 + -6. Suppose 3*o - 4*k = k + c, -4*k - 14 = -o. Suppose 2 = -0*g + o*g. Let d(m) = 3*m - 1. Determine d(g).
2
Let n(j) = j**2 + 7*j + 2. Let s be n(-7). Let o(v) = 3*v + 0*v - 2*v**2 + s - 2*v. Determine o(2).
-4
Let x(s) = -6*s. Let f be (20/(-30))/((-2)/9). Determine x(f).
-18
Let p(v) = -2*v**2 + 3. Let d = 2 + -2. Let z = 1 - d. Let a(b) = b**2 + b - 1. Let w(t) = z*a(t) + p(t). What is w(3)?
-4
Let g(i) = 3*i**3 + 26*i**2 - 27*i - 13. Let y(b) = b**3 + 13*b**2 - 13*b - 7. Let w(a) = 2*g(a) - 5*y(a). What is w(12)?
-3
Let t(p) = -p**2 - 5*p + 5. Let x be t(-5). Suppose -h + 1 = -5*q, 5*h - 4*q = -2*q + x. Let j(d) = 2*d**2 - d + 1. Determine j(h).
2
Let i(k) = -k**3 - 4*k**2 + 0*k**2 - 7*k + 6 + 3*k**3 - k**3. Give i(5).
-4
Let q(u) = 2 + u**2 - u**3 - 2*u**2 + 5*u**3 - 1 - u. Determine q(1).
3
Let o = -14 + 6. Let c be (-28)/o + (-1)/(-2). Suppose -6*b = -2*b + c. Let v(s) = -s**3 + 2*s**2 + s. Determine v(b).
2
Let g(i) = i**3 - 9*i**2 + 7*i - 1. Let p be 6/(-9)*(-6)/(-12)*-24. Calculate g(p).
-9
Suppose o - 3*o + 1 = a, -2*a - 6 = 0. Let f be (8/10)/(14/35). Let s(v) = 2*v**2 + v + f*v**o + 3*v**2. What is s(-1)?
6
Let p be 1/1*(-25)/(-3 - -8). Let x(z) = -2*z - 6. Calculate x(p).
4
Let x(b) = -2*b**3 + 3 - 2*b + 4 + 3*b**2 + 3 - 7. Determine x(2).
-5
Let m(z) = -7*z**2 + 4*z**2 - 3*z**2 + 7*z**2 + 5*z**3. Let f(x) = -x**3 + 3*x**2 + 4*x + 1. Let t be f(4). Give m(t).
6
Let v = 8 - 5. Let j(y) = v*y**3 - y**2 - 3*y + 4*y - 2 - 2*y**3. Suppose 0 = -2*b + 4. Determine j(b).
4
Suppose 8*d = 37 + 27. Let q(o) = o**3 - 9*o**2 + 9*o + 3. What is q(d)?
11
Let q be ((5 - 3)/2)/(1/4). Let v(c) = -c**2 + 4*c + 1. What is v(q)?
1
Let a(x) = -x**3 - x**2 - 3. Let i be 0*(35/(-20) - -2). What is a(i)?
-3
Let s(b) be the first derivative of -b**5/30 + b**4/12 + b**3/6 + b**2/2 + 2. Let u(v) be the second derivative of s(v). Give u(-1).
-3
Let a(n) = -2*n**3 + 0*n**3 + 4 + 4*n - 1. Give a(-2).
11
Let v(k) = -k**2 + 2. Let u(f) = 4*f - 3 - 3*f + 0*f. Let g be u(3). What is v(g)?
2
Suppose -3 = 2*i + 7. Let n(t) be the first derivative of t**3/3 + 5*t**2/2 - 3*t - 106. What is n(i)?
-3
Let j(p) = p**3 + p**2 - 4*p + 1. Let z = 2 - 5. Give j(z).
-5
Let k = 25 + -25. Let x(p) = -p**2 + p + 6. Calculate x(k).
6
Let i(f) = f - 2. Let p be i(2). Suppose -3*j + j - 6 = p. Let r(x) = 2*x - 1. Give r(j).
-7
Let p(t) = -t**2 - 4*t - t**2 + 3*t**2. Let i be 12/(-8)*(-4)/3. Determine p(i).
-4
Let x(a) = -12*a + 18. Let w(r) = -r + 1. Let i(y) = 15*w(y) - x(y). Let n be (-1)/(1 + 0) - 2. Calculate i(n).
6
Let k(y) = 3*y + 4. Let s(c) = 2*c + 3. Let h be ((-12)/16)/(1/(-20)). Suppose 2*x + h = -x. Let v(p) = x*k(p) + 7*s(p). Calculate v(5).
-4
Let b(d) = -7*d**2 - 6*d + 11. Let u(w) = 3*w**2 + 3*w - 5. Let c(q) = 2*b(q) + 5*u(q). Suppose -3*h + 3*y - 15 = 0, -4*y - y = -h - 13. What is c(h)?
-3
Let f(d) be the first derivative of -2*d**4 + 3 + 3*d - 3*d. Determine f(1).
-8
Let j(l) = l - 5. Let v(t) = 4*t - 16. Let y(s) = 7*j(s) - 2*v(s). Let d be y(-3). Suppose d*n - 10 = -2*n. Let x(m) = -m**2 + 5*m + 3. Calculate x(n).
3
Let z(b) = 21*b + 6 - 22*b - 1. Give z(4).
1
Let l(w) = 2*w**3 - 2*w**2 - w - 2. Suppose z - n + 1 = 0, 0*z + z + 4*n = -1. Let s = 4 + z. Suppose -5*a + s*a - 3*h = -7, -3*a + 5*h = -1. Determine l(a).
4
Let p(g) = -g**2 + g. Let k(m) = 2*m**2 + 3*m - 4. Let i(o) = -k(o) - 3*p(o). Give i(4).
-4
Let y(z) = -2*z**2 + 0*z**2 + 0*z**2 + 3*z + 3*z**2 - 4. Let r be y(-4). Let o(m) = -4*m**2 + 13*m**3 - 2*m + r*m - 5 - 14*m**3. Calculate o(-4).
3
Let n = 7 - 1. Suppose -4 = -2*h + n, -q + 18 = 4*h. Let i(t) = -5*t**2 - 2*t**3 + 1 + 0 + 3*t**2. Determine i(q).
9
Let y(m) = 10*m**2 + 2*m + 1. Let v be y(-1). Let b(k) = -8*k - v - k**2 + 3 - 2. Calculate b(-6).
4
Let a = 7 + -4. Let g(o) = 2*o - 7*o + 2*o - 2. Give g(a).
-11
Let k = 12 + -5. Let j = k + -6. Let i(x) = -1 - x - x**2 - 5*x**3 - 1 + j. Give i(-1).
4
Let y(m) be the first derivative of m**6/360 + m**4/12 - 2*m**3/3 + 4. Let t(k) be the third derivative of y(k). Calculate t(0).
2
Let i(u) = -3*u + 6. Suppose -4*k + 2 + 2 = 0, -2 = -d + 3*k. Determine i(d).
-9
Let o(k) = 9*k - 1. Suppose -2*v = -5*i + 12, 0 = 4*v - 3*i + 1 + 9. What is o(v)?
-10
Let z(n) = 5*n - 4. Let i(y) = -2*y**2 + 5*y + 1. Let a be i(4). Let g(j) = 8 - 6*j + j - 4*j. Let d(t) = a*z(t) - 6*g(t). Calculate d(-5).
1
Let x(q) be the second derivative of 13*q**8/6720 - q**7/1260 + q**6/360 - q**5/120 + q**4/6 - 3*q. Let h(w) be the third derivative of x(w). Calculate h(1).
12
Let k(i) = -i**2 - 5*i + 5. Let b be k(-5)